{"id":87,"date":"2025-04-12T15:32:59","date_gmt":"2025-04-12T12:32:59","guid":{"rendered":"http:\/\/kaletepe.net\/?page_id=87"},"modified":"2025-04-12T15:32:59","modified_gmt":"2025-04-12T12:32:59","slug":"koyden-haberler","status":"publish","type":"page","link":"https:\/\/kaletepe.net\/?page_id=87","title":{"rendered":"K\u00f6yden Haberler"},"content":{"rendered":"\n<p>2005 y\u0131l\u0131n\u0131n bir yaz g\u00fcn\u00fc sabah g\u00fcne\u015fin ilk \u0131\u015f\u0131klar\u0131yla birlikte Sar\u0131kaya\u2019dan hareketle, k\u00f6y\u00fcm\u00fcze do\u011fru yola koyulduk, amac\u0131m\u0131z \u00e7amserede iyi bir yerde konaklayarak&nbsp; eski g\u00fcnlerimizi hat\u0131rlat\u0131rcas\u0131na g\u00fczel bir g\u00fcn ge\u00e7irmekti. Hedefimizde Ap\u0131nard\u0131.<\/p>\n\n\n\n<p>\u00dcrne\u00e7\u2019i(Konuklark\u00f6y\u00fc) ge\u00e7ip k\u00f6y\u00fcm\u00fcze do\u011fru istikameti al\u0131nca, ilk i\u015f web sitesi i\u00e7in \u00e7ekilecek resimler i\u00e7in durup k\u00f6y\u00fcm\u00fcz\u00fcn istikametini g\u00f6steren tabelay\u0131 resimlemek oldu. Bu s\u0131rada g\u00fcne\u015f&nbsp; k\u00f6y\u00fcm\u00fcz\u00fcn \u00fczerinde y\u00fckselmek \u00fczere idi ve saatler&nbsp; yakla\u015f\u0131k sabah\u0131n&nbsp; 07.00\u2018sini g\u00f6steriyordu.<\/p>\n\n\n\n<p>K\u00f6ye girdi\u011fimizde,&nbsp; s\u0131\u011f\u0131r s\u00fcr\u00fcs\u00fc toplanmak \u00fczere idi.&nbsp; Kalenin y\u00fcz\u00fc eski kalabal\u0131k&nbsp; insan g\u00f6r\u00fcnt\u00fcs\u00fcnden uzak olsa da&nbsp; s\u0131\u011f\u0131rlar\u0131n topland\u0131\u011f\u0131 alan olmaya, eskiden oldu\u011fu gibi devam ediyordu. Irgatl\u0131k d\u00f6nemi olmas\u0131na ra\u011fmen kalenin y\u00fcz\u00fcn\u00fcnde ne sap, ne saman ne de bu\u011fdaylar vard\u0131. Bi\u00e7erd\u00f6verin k\u00f6y\u00fcm\u00fcze gelmesiyle&nbsp; birlikte bu manzara \u00e7oktan unutulmu\u015ftu zaten.<\/p>\n\n\n\n<p>Kalenin arkas\u0131na do\u011fru hareket etti\u011fimizde, dikili ta\u015f\u0131n yan\u0131ndan ge\u00e7erken Rahmetli Nebi Day\u0131y\u0131 hat\u0131rlad\u0131k. \u00c7amseriye giden yol eskisinden daha kullan\u0131\u015fl\u0131 bir hale getirilmi\u015f, bu nedenle \u00e7ok rahat bir yolculuk yaparak, Il\u0131ca ve Bald\u0131ranl\u0131dan ge\u00e7erek&nbsp;&nbsp; Ap\u0131nara vard\u0131k. Tertemiz bir hava ve sakin bir ortamda kendimizi bulduk, zihnimizde ge\u00e7mi\u015ften kalan bir y\u0131\u011f\u0131n an\u0131larla.<\/p>\n\n\n\n<p>Ap\u0131nar\u2019daki su,&nbsp; o alana \u00e7e\u015fme yap\u0131lmadan evvel, bir me\u015fenin alt\u0131nda do\u011fal olarak akard\u0131. \u015eimdi ise rahmetli Merhum Memili \u015eahin&#8217;in&nbsp; beraber, di\u011fer sularla kar\u0131\u015ft\u0131r\u0131lm\u0131\u015f, dolay\u0131s\u0131yla biraz eski tad\u0131ndan uzakla\u015fm\u0131\u015f durumda. Sosyal tesis olarak, bu alanda&nbsp;&nbsp; Durmu\u015f Mutluer\u2019in yapt\u0131rd\u0131\u011f\u0131 hayrat\u0131n yan\u0131 ise, piknik yapmaya son derece elveri\u015fli hale getirilmi\u015f. \u00c7e\u015fmenin yan\u0131na ocak ve oturmak \u00fczere bir masa yap\u0131lm\u0131\u015f. Birde \u00e7\u00f6pler etrafa da\u011f\u0131t\u0131lmadan belli bir noktada toplanabilse daha g\u00fczel olacak.<\/p>\n\n\n\n<p>Sabah kalvalt\u0131s\u0131n\u0131 yapt\u0131ktan sonra,&nbsp; site i\u00e7in resim \u00e7ekimini ba\u015flatmak \u00fczere tekrar k\u00f6ye haraket edildi. \u0130lk \u00f6nce k\u00f6y\u00fcm\u00fcze ad\u0131n\u0131 veren Kaleden i\u015fe ba\u015fland\u0131. \u00c7ocukluk zamanlar\u0131m\u0131zda a\u011fz\u0131 a\u00e7\u0131k bulunan&nbsp; kalenin a\u011fz\u0131 \u015fimdi kapal\u0131 durumda ve topraklar her taraf\u0131n\u0131 kaplam\u0131\u015f, kale harabeleri adeta belli belirsiz bir hale gelmi\u015f. Bilhare g\u00f6r\u00fc\u015f\u00fclen Muhtar\u0131m\u0131z, Kaymakam bey ile kalede bir inceleme yap\u0131laca\u011f\u0131 ve buradan \u00e7\u0131kacak sonuca g\u00f6re, ayd\u0131nlatma sitemi ile turizme&nbsp; a\u00e7\u0131labilece\u011fi bilgisini verdi.<\/p>\n\n\n\n<p>Kaleden, k\u00f6y\u00fcm\u00fcz\u00fcn eskiden bat\u0131l ina\u00e7lar\u0131na kaynakl\u0131k eden, ancak art\u0131k yerinde bulunmayan &#8220;dede ard\u0131c\u0131&#8221; taraf\u0131ndan ba\u015flamak \u00fczere fotograf makinemizin deklan\u015f\u00f6r\u00fcne basarak resimlerimizi \u00e7ekmeye devam ettik. Yukar\u0131daki mezarl\u0131k ve etraf\u0131ndan sonra, su deposunun bulundu\u011fu alan ve yeni okulun resimlerini&nbsp; g\u00f6r\u00fcnt\u00fcledik. Okul alan\u0131nda eskinin izlerini arad\u0131k, ancak sadece an\u0131larda kalandan ba\u015fka, eskiye ait bir g\u00f6r\u00fcnt\u00fcye rastlamad\u0131k. \u00d6zellikle yerde bulunan ta\u015ftan i\u015flenmi\u015f ay-y\u0131ld\u0131z\u0131 yerinde bulamad\u0131k. Tavan\u0131 demirli, o eski bina, lojman, tuvaletler ve s\u00fctl\u00fck ise zaten \u00e7oktan y\u0131k\u0131lm\u0131\u015f, yerine \u015fimdiki bu yeni bina tek ba\u015f\u0131na yap\u0131lm\u0131\u015ft\u0131.<\/p>\n\n\n\n<p>Okul bah\u00e7esindeki incelemelerin ard\u0131ndan, k\u00f6y\u00fcn yenicamiisine do\u011fru yola koyulduk. Burada birka\u00e7 hem\u015fehrimiz \u00f6\u011fle namaz\u0131n\u0131 bekliyorlard\u0131. Onlarla k\u0131sa sohbetin ard\u0131ndan, K\u00f6y\u00fcm\u00fcz\u00fcn en ya\u015fl\u0131lar\u0131ndan olan&nbsp; Ali (\u00c7avu\u015f) \u00d6zen ile g\u00f6r\u00fc\u015fmeye gittik. Kendisiyle k\u00f6y\u00fcn ge\u00e7mi\u015fi hakk\u0131nda g\u00f6r\u00fc\u015fme yapt\u0131k.<\/p>\n\n\n\n<p>Bu g\u00f6r\u00fc\u015fmenin ard\u0131ndan eski mezarl\u0131k ziyaret edildi ve g\u00f6r\u00fcnt\u00fclendi. Eskiden&nbsp; k\u00f6y\u00fcn i\u00e7inde bir mesafeden bir mesafeye gitmek \u00e7ocukluk hali olsa gerek \u00e7ok uzak gelirdi, \u015fimdi ise olduk\u00e7a k\u0131sa mesafeler olarak tespit olundu. Zira eski mezarl\u0131ktan Hac\u0131alinin armudunun alt\u0131na gelmek i\u00e7in be\u015f-on dakikal\u0131k bir s\u00fcre gerekmedi. Burada art\u0131k armut olmasa da, hatta virane bir \u015fekilde sonderece sessiz ve sakin bir durumda bulunsa da yine de k\u00f6y\u00fcn merkezi (centrum- zentrum- centre) olmaya devam etmektedir.<\/p>\n\n\n\n<p>K\u00f6yde bulunan iki kahveden bir tanesi burada bulunuyor. Seyahatimiz esnas\u0131nda yurtd\u0131\u015f\u0131ndan ve ba\u015fka yerlerde g\u00f6rev yapan hem\u015fehrilerimizin bulundu\u011fu bir topluluk&nbsp; zamanlar\u0131n\u0131&nbsp; burada ge\u00e7iriyorlard\u0131. K\u0131sa bir s\u00f6yle\u015finin ard\u0131ndan, \u00dcrne\u00e7 yolu taraf\u0131na y\u00f6nelerek eskiden&nbsp;&nbsp; hasatttan sonra geceleri bile s\u0131ran\u0131n oldu\u011fu seten ta\u015f\u0131n\u0131 g\u00f6rmeye gittik. Eski ihti\u015fam ve g\u00f6rkeminden bir \u015fey kalmayan,&nbsp; ancak k\u00f6y\u00fcn&nbsp; tarihi eseri olarak kabul edilecek ta\u015f yan yatm\u0131\u015f sanki derin uykuya dalm\u0131\u015f&nbsp; vaziyetteydi. Burada durup, \u00e7ok \u00f6nceleri k\u00f6y\u00fcn \u00dcrne\u00e7 taraf\u0131ndan giri\u015fi olarak bildi\u011fimiz&nbsp; mekandan, eski birle\u015fik evlerden kalan \u00f6ren yerlerini resimledik. \u015eimdinin yeti\u015fkinlerinin&nbsp; kargalar\u0131 kovalamak i\u00e7in bekledikleri&nbsp; \u00e7edenelikler taraf\u0131ndan eski caminin yan\u0131nda bulunan B\u00fcy\u00fck p\u0131nara vas\u0131l olduk.&nbsp; Yaz\u0131n so\u011fuk ve tatl\u0131, k\u0131\u015f\u0131n \u0131l\u0131k&nbsp; olan suyundan kana kana i\u00e7tikten sonra, eski camiyi ziyaret ettik ve burada bulanan bir ka\u00e7 hem\u015fehrimizle sohbet ettik.<\/p>\n\n\n\n<p>Camiiden sonra, bir d\u00f6nem okul olarakta kullan\u0131lan haraba halindeki medreseyi ge\u00e7mi\u015fteki okul an\u0131lar\u0131 e\u015fli\u011finde biraz da h\u00fcz\u00fcnl\u00fc bir \u015fekilde seyrettik. Kim bilir ka\u00e7 nesil bu mekanda da\u011farc\u0131\u011f\u0131na bilgi eklemi\u015f ve&nbsp; \u00f6nemli haftalarda nice kutlamalara \u015fahitlik etmi\u015fti.<\/p>\n\n\n\n<p>K\u00f6seliye do\u011fru y\u00f6neldi\u011fimizde art\u0131k saatler \u00f6\u011flenin ikisini g\u00f6steriyordu. K\u00f6seliye t\u0131rmanmak \u00e7ocukluk d\u00f6nemimizde k\u0131zaklarla t\u0131rmanmak kadar zevkli olmasa da, eskinin an\u0131lar\u0131n\u0131 ya\u015fatan bu mekana \u00e7\u0131kmak yinede s\u0131cak havada&nbsp; esen serin r\u00fczgardan dolay\u0131 zevkliydi. Doru\u011fa ula\u015f\u0131ld\u0131\u011f\u0131nda, meyvesi bulunmasa da b\u00fct\u00fcn ihti\u015fam\u0131yla yerinde duran kay\u0131s\u0131 a\u011fa\u00e7lar\u0131n\u0131n alt\u0131nda biraz dinlendik. Daha sonra kim taraf\u0131ndan ve ne zaman yap\u0131ld\u0131\u011f\u0131n\u0131 bilmedi\u011fimiz ta\u015ftan doru\u011fa i\u015flenmi\u015f bir ay-y\u0131ld\u0131z&nbsp; kal\u0131nt\u0131s\u0131 ile kar\u015f\u0131la\u015ft\u0131k. Dorukta, sizin i\u00e7in&nbsp; k\u00f6y\u00fcm\u00fczle ilgili en g\u00fczel resimleri \u00e7ektik.<\/p>\n\n\n\n<p>Garipler mezarl\u0131\u011f\u0131na do\u011fru yol ald\u0131\u011f\u0131m\u0131zda, bu kesimdeki yollar\u0131n olduk\u00e7a bozuk oldu\u011funa \u015fahit olduk. Bu y\u00fczden uzun bir s\u00fcre ara\u00e7tan inerek yaya yolculuk yapt\u0131k. Esrar\u0131 kimse taraf\u0131ndan bilinmeyen (Bilen varsa bize yazabilir) mezarl\u0131\u011f\u0131n kendisi de ad\u0131 gibi \u00e7ok garipti do\u011frusu. \u00c7atmap\u0131nar, Kartal, Ap\u0131nar\u0131 g\u00f6r\u00fcnt\u00fcledikten sonra, ya\u015fad\u0131\u011f\u0131 d\u00f6nemde bir\u00e7ok hay\u0131ri\u015fleri yapan rahmetli Polinin Mehmet&#8217;in (K\u0131l\u0131\u00e7) yapt\u0131rd\u0131\u011f\u0131 hay\u0131rp\u0131nar\u0131ndan su i\u00e7tik ve&nbsp; rahmetli \u0130brahim (\u00dcnal) dedenin (Yumulu)&nbsp; \u00e7a\u011fla veya kay\u0131s\u0131 almaya&nbsp; veya \u00e7almaya gelen 70\u2019li y\u0131llar\u0131n \u00e7ocuklar\u0131n\u0131 kovalad\u0131\u011f\u0131 meyvesiz ba\u011flar\u0131n alt\u0131ndan ge\u00e7erek tekrar k\u00f6y\u00fcn yolunu tuttuk.<\/p>\n\n\n\n<p>K\u00f6y\u00fcn K\u00fclek\u00e7i taraf\u0131ndan giri\u015finde Muhtar\u0131m\u0131z ile kar\u015f\u0131la\u015ft\u0131k. Su deposundaki bir ar\u0131za ile ilgileniyordu. Kendisinden k\u00f6y\u00fcn yolunun asfaltlanmas\u0131yla ve kanalizasyon sisteminin in\u015faat\u0131 ile ilgili s\u00fcrd\u00fcr\u00fclen \u00e7al\u0131\u015fmalar hakk\u0131nda bilgi ald\u0131k. Muhtar\u0131m\u0131z, yolun asfaltlanmas\u0131 i\u00e7in gerekli giri\u015fimlerin yap\u0131ld\u0131\u011f\u0131n\u0131, k\u0131sa s\u00fcrede netice almaya \u00e7al\u0131\u015ft\u0131klar\u0131n\u0131, kanalizasyon in\u015faat\u0131n\u0131n da devam etmekte oldu\u011funu ifade etti. Kanalizasyon in\u015faat\u0131n\u0131n Ap\u0131nar yak\u0131nlar\u0131nda devam etti\u011fini biz de uzaktan g\u00f6rd\u00fck.<\/p>\n\n\n\n<p>K\u00f6y\u00fcm\u00fcz\u00fcn uzun s\u00fcreli Bakkal\u0131 olan&nbsp; rahmetli&nbsp; Yusuf (Necib&#8217;in) day\u0131y\u0131da (\u00d6zer) yaad ederek, \u015fimdiki bakkal\u0131 ve ikinci kahveyi de resimledikten sonra, tekrar \u00e7amserenin yoluna d\u00fc\u015ft\u00fck.<\/p>\n\n\n\n<p>Il\u0131ca&#8217;ya gelince, eski g\u00fcnlerin hat\u0131r\u0131na hala eski do\u011fall\u0131\u011f\u0131n\u0131 koruyan akarsunun ba\u015f\u0131nda durup bir ka\u00e7 yudum su i\u015ftikten sonra, Bald\u0131ranl\u0131n\u0131n alt\u0131ndaki hay\u0131rp\u0131nar\u0131nda mola verdik. \u00c7ola\u011f\u0131n g\u00f6l\u00fcne y\u00f6neldi\u011fimizde Edi ebenin&nbsp; havuza d\u00fc\u015fen cam\u0131z\u0131n\u0131 da&nbsp; and\u0131k.&nbsp; Kal\u0131n\u00e7ay\u0131ra vard\u0131\u011f\u0131m\u0131zda, sabah toplanan s\u0131\u011f\u0131r s\u00fcr\u00fcs\u00fcn\u00fcn buraya ula\u015fm\u0131\u015f oldu\u011funu g\u00f6rd\u00fck. K\u00f6yde son y\u0131llarda kavak yeti\u015ftirme adet olmu\u015f. Kal\u0131n\u00e7ay\u0131r b\u00f6lgesindeki arazilerde olduk\u00e7a \u00e7ok kavak yeti\u015ftirilmektedir.&nbsp; O g\u00fcn,&nbsp; iki kamyon kesilen kavaklar\u0131 ta\u015f\u0131mak \u00fczere burada haz\u0131r bekliyorlard\u0131.&nbsp; Kal\u0131n\u00e7ay\u0131r\u2019dan&nbsp; sonra Sorgun&#8217;dan \u00c7ameliyi seyrederek Olukluya do\u011fru&nbsp; hareket ettik, buralarda&nbsp; yer alan \u00e7e\u015fmelerin ba\u015f\u0131nda k\u00f6y\u00fcm\u00fczden ve di\u011fer yerlerden gelen hem\u015fehrilerimizi piknik yaparken bulduk. Onlarla k\u0131sa s\u00fcreli sohbetin ard\u0131ndan, Kayal\u0131 bo\u011faz\u0131 g\u00f6r\u00fcnt\u00fclemeye gittik.&nbsp; Bir\u00e7ok ki\u015finin eskiden&nbsp; u\u011frak yeri olan bu mekana, uzun s\u00fcredir kimsenin u\u011framad\u0131\u011f\u0131 anla\u015f\u0131l\u0131yordu. Eski ihti\u015fam\u0131ndan uzak ve&nbsp;&nbsp; ne yaz\u0131kki bak\u0131ms\u0131z vaziyette. Meyvesiz ve bak\u0131ms\u0131z Ba\u011flar taraf\u0131ndaki ta\u015f\u0131t yolunu kullanarak&nbsp; \u00c7ola\u011f\u0131n g\u00f6l\u00fcnden ge\u00e7erek Ap\u0131nara vas\u0131l olduk.<\/p>\n\n\n\n<p>Burada ak\u015fam yeme\u011fini ve \u00e7ay\u0131n\u0131 i\u00e7tikten sonra, k\u00f6y\u00fcn yolunu tuttuk. K\u00f6y\u00fcm\u00fcz\u00fcn bir yerde lafazanlar\u0131 (stand up) amat\u00f6r tiyatrocular\u0131 olarak tan\u0131nan&nbsp; Karabacaklardan rahmetli Mehmet \u00c7elik\u2019in&nbsp; \u00e7ocuklar\u0131yla&nbsp; bulu\u015fmak \u00fczere&nbsp; Fak\u0131\u2019n\u0131n (\u00c7elik) evine y\u00f6neldik. Ho\u015f bir sohbetin ard\u0131ndan, ay\u0131n b\u00fct\u00fcn parlakl\u0131\u011f\u0131yla ayd\u0131nlatt\u0131\u011f\u0131 gecede ge\u00e7 saatlerde,&nbsp; k\u00f6yden ayr\u0131ld\u0131k.<\/p>\n\n\n\n<p>Ertesi g\u00fcn ise, eski imam hatibimizin elem verici \u00f6l\u00fcm haberi \u00fczerine, ak\u015fam \u00fczeri tekrar k\u00f6ye geldik. Bu vesileyle b\u00fct\u00fcn hem\u015fehrilerimizi kalenin y\u00fcz\u00fcnde yer alan musalla ta\u015f\u0131n\u0131n ba\u015f\u0131nda bulduk. Cenazeye mezarl\u0131kta yap\u0131lan&nbsp; g\u00f6revin ard\u0131ndan, ak\u015fam da cenaze evinde hem\u015fehrilerimizle biraraya geldik. Zaten insanlar\u0131n dostlu\u011fu d\u00fc\u011f\u00fcn ve cenazeler de de\u011filmi ? Bunun g\u00fczel bir \u00f6rne\u011fi burada da sergilendi.<\/p>\n\n\n\n<p>Eskicamii, belki de yeni camii yap\u0131ld\u0131ktan sonra en kalabal\u0131k cematini , Cuma g\u00fcnk\u00fc rahmetli Hasan H\u00fcseyin hoca (Aslan) i\u00e7in tertiplenen&nbsp; mevlid nedeniyle&nbsp; kabul etti. Sar\u0131kaya il\u00e7esinde mukim Emekli Mehmet (Haf\u0131z) Hoca\u2019n\u0131n (\u00d6zt\u00fcrk) vaaz\u0131yla ve imamhatipli\u011fi ile bir kez daha eski g\u00fcnlere yolculuk yap\u0131ld\u0131. Bu vesileyle k\u00f6y d\u0131\u015f\u0131nda ya\u015fayan ancak mevl\u00fcd\u2019e i\u015ftirak i\u00e7in gelen hem\u015fehrilerimizle de g\u00f6r\u00fc\u015fme f\u0131rsat\u0131 yakaland\u0131.<\/p>\n\n\n\n<p>Eski g\u00fcnleri&nbsp; yad ederek ge\u00e7en&nbsp; g\u00fczel bir g\u00fcnd\u00fc vesselam.<\/p>\n","protected":false},"excerpt":{"rendered":"<p>2005 y\u0131l\u0131n\u0131n bir yaz g\u00fcn\u00fc sabah g\u00fcne\u015fin ilk \u0131\u015f\u0131klar\u0131yla birlikte Sar\u0131kaya\u2019dan hareketle, k\u00f6y\u00fcm\u00fcze do\u011fru yola koyulduk, amac\u0131m\u0131z \u00e7amserede iyi bir yerde konaklayarak&nbsp; eski g\u00fcnlerimizi hat\u0131rlat\u0131rcas\u0131na g\u00fczel bir g\u00fcn ge\u00e7irmekti. Hedefimizde&hellip;<\/p>\n","protected":false},"author":1,"featured_media":0,"parent":0,"menu_order":0,"comment_status":"closed","ping_status":"closed","template":"","meta":{"footnotes":""},"class_list":["post-87","page","type-page","status-publish","hentry"],"_links":{"self":[{"href":"https:\/\/kaletepe.net\/index.php?rest_route=\/wp\/v2\/pages\/87","targetHints":{"allow":["GET"]}}],"collection":[{"href":"https:\/\/kaletepe.net\/index.php?rest_route=\/wp\/v2\/pages"}],"about":[{"href":"https:\/\/kaletepe.net\/index.php?rest_route=\/wp\/v2\/types\/page"}],"author":[{"embeddable":true,"href":"https:\/\/kaletepe.net\/index.php?rest_route=\/wp\/v2\/users\/1"}],"replies":[{"embeddable":true,"href":"https:\/\/kaletepe.net\/index.php?rest_route=%2Fwp%2Fv2%2Fcomments&post=87"}],"version-history":[{"count":1,"href":"https:\/\/kaletepe.net\/index.php?rest_route=\/wp\/v2\/pages\/87\/revisions"}],"predecessor-version":[{"id":88,"href":"https:\/\/kaletepe.net\/index.php?rest_route=\/wp\/v2\/pages\/87\/revisions\/88"}],"wp:attachment":[{"href":"https:\/\/kaletepe.net\/index.php?rest_route=%2Fwp%2Fv2%2Fmedia&parent=87"}],"curies":[{"name":"wp","href":"https:\/\/api.w.org\/{rel}","templated":true}]}}