{"id":85,"date":"2025-04-12T15:25:27","date_gmt":"2025-04-12T12:25:27","guid":{"rendered":"http:\/\/kaletepe.net\/?page_id=85"},"modified":"2025-04-12T15:25:27","modified_gmt":"2025-04-12T12:25:27","slug":"vefat-edenler","status":"publish","type":"page","link":"https:\/\/kaletepe.net\/?page_id=85","title":{"rendered":"Vefat Edenler"},"content":{"rendered":"\n<p>VEFAT EDENLER<\/p>\n\n\n\n<figure class=\"wp-block-image\"><img decoding=\"async\" src=\"http:\/\/kaletepe.net\/images\/Vefat1.png\" alt=\"Vefat1\"\/><\/figure>\n\n\n\n<figure class=\"wp-block-image\"><img decoding=\"async\" src=\"http:\/\/kaletepe.net\/images\/Vefat2.png\" alt=\"Vefat2\"\/><\/figure>\n\n\n\n<figure class=\"wp-block-image\"><img decoding=\"async\" src=\"http:\/\/kaletepe.net\/images\/Vefat3.png\" alt=\"Vefat3\"\/><\/figure>\n\n\n\n<figure class=\"wp-block-table\"><table class=\"has-fixed-layout\"><tbody><tr><td><strong>&nbsp;&nbsp;Say\u0131<\/strong><\/td><td><strong>Adi Soyad\u0131<\/strong><\/td><td><strong>\u00d6l\u00fcm Tarihi<\/strong><\/td><td><strong>Defnedildi\u011fi Yer<\/strong><\/td><\/tr><tr><td>85<\/td><td>Yusuf K\u0131l\u0131\u00e7<\/td><td>27.08.2005 Cumartesi<\/td><td>Sar\u0131kaya<\/td><\/tr><tr><td>86<\/td><td>Hasan Hoca \u00d6zt\u00fcrk<\/td><td>30.09.2005Cuma<\/td><td>Kayseri<\/td><\/tr><tr><td>87<\/td><td>Mehmet Atl\u0131\u011f (T\u00fcrkmen)<\/td><td>14.10.2005Cuma<\/td><td>Kaletepe K\u00f6y\u00fc<\/td><\/tr><tr><td>88<\/td><td>Hatice Kutlusoy<\/td><td>08.12.2005 Per\u015fembe<\/td><td>Kayseri<\/td><\/tr><tr><td>89<\/td><td>Celal B\u00fcy\u00fckata<\/td><td>11.12.2005Pazar<\/td><td>Kaletepe K\u00f6y\u00fc<\/td><\/tr><tr><td>90<\/td><td>Makbule Kabata\u015f<\/td><td>31.12.2005Cumartesi<\/td><td>Yozgat<\/td><\/tr><tr><td>91<\/td><td>Mehmet Ata<\/td><td>07.01.2006 Cumartesi<\/td><td>Kaletepe K\u00f6y\u00fc<\/td><\/tr><tr><td>92<\/td><td>Zahre Korkut<\/td><td>10.01.2006 Sal\u0131<\/td><td>Kaletepe K\u00f6y\u00fc<\/td><\/tr><tr><td>93<\/td><td>F\u0131nd\u0131k Filiz<\/td><td>05.03.2006 Pazar<\/td><td>Kaletepe K\u00f6y\u00fc<\/td><\/tr><tr><td>94<\/td><td>Ay\u015fe G\u00fcner<\/td><td>03.03.20006,Cuma<\/td><td>Kaletepe K\u00f6y\u00fc<\/td><\/tr><tr><td>95<\/td><td>Hac\u0131 \u00d6zen<\/td><td>&nbsp;09.03.2006, Per\u015fembe<\/td><td>Kaletepe K\u00f6y\u00fc<\/td><\/tr><tr><td>96<\/td><td>Halis Demir<\/td><td>28.03.2006, Sal\u0131<\/td><td>Istanbul<\/td><\/tr><tr><td>97<\/td><td>Durmu\u015f Azmaz<\/td><td>&nbsp;31.03.2006,Cuma<\/td><td>Kaletepe K\u00f6y\u00fc<\/td><\/tr><tr><td>98<\/td><td>Fatma K\u0131l\u0131\u00e7<\/td><td>&nbsp;15.06.2006, Per\u015fembe<\/td><td>Kaletepe K\u00f6y\u00fc<\/td><\/tr><tr><td>99<\/td><td>Besat Sahin<\/td><td>28.06.2006,\u00c7arsamba<\/td><td>Kaletepe K\u00f6y\u00fc<\/td><\/tr><tr><td>100<\/td><td>\u00c7avu\u015f \u00c7akmak<\/td><td>6&nbsp;Kas\u0131m 2006, Pazartesi<\/td><td>Kaletepe K\u00f6y\u00fc<\/td><\/tr><tr><td>101<\/td><td>Memis Alt\u0131nok<\/td><td>19 Kas\u0131m 2006, Pazar<\/td><td>Kaletepe K\u00f6y\u00fc<\/td><\/tr><tr><td>102<\/td><td>Ahmet \u00d6zer<\/td><td>19 Kas\u0131m 2006, Pazar<\/td><td>Kaletepe K\u00f6y\u00fc<\/td><\/tr><tr><td>103<\/td><td>Mahi B\u00fcy\u00fcksoy<\/td><td>31.01.2007, \u00c7ar\u015famba<\/td><td>Kaletepe K\u00f6y\u00fc<\/td><\/tr><tr><td>104<\/td><td>Necati(Secaattin) Atl\u0131\u011f&nbsp;<\/td><td>24.03.2007,Cumartesi&nbsp;<\/td><td>Kaletepe K\u00f6y\u00fc<\/td><\/tr><tr><td>105<\/td><td>Fatma Mutlusoy<\/td><td>10.05.2007,Persembe<\/td><td>Kaletepe K\u00f6y\u00fc<\/td><\/tr><tr><td>106<\/td><td>Fazl\u0131 Demir<\/td><td>15.05.2007,Sali&nbsp;<\/td><td>Kaletepe K\u00f6y\u00fc<\/td><\/tr><tr><td>106<\/td><td>Arif \u00dcnal<\/td><td>&nbsp;28.05.2007, Pazartesi<\/td><td>Istanbul<\/td><\/tr><tr><td>107<\/td><td>Ali B\u00fcy\u00fckata&nbsp;<\/td><td>29.06.2007,Cuma<\/td><td>Sar\u0131kaya<\/td><\/tr><tr><td>108<\/td><td>Fadik Turan<\/td><td>31.07.2007, Sal\u0131<\/td><td>Kaletepe K\u00f6y\u00fc<\/td><\/tr><tr><td>109<\/td><td>Umut B\u00fcy\u00fcksoy<\/td><td>06.08.2007, Pazartesi<\/td><td>Kaletepe K\u00f6y\u00fc<\/td><\/tr><tr><td>110<\/td><td>Ali Demir<\/td><td>13.11.2007,Sali<\/td><td>Kaletepe K\u00f6y\u00fc<\/td><\/tr><tr><td>111<\/td><td>Nurettin G\u00fclseven<\/td><td>25 \u015eubat 2008 Pazartesi<\/td><td>Kaletepe K\u00f6y\u00fc<\/td><\/tr><tr><td>112<\/td><td>Sat\u0131lm\u0131\u015f Karaaslan<\/td><td>01.03.2008.Cumartesi<\/td><td>Kaletepe K\u00f6y\u00fc<\/td><\/tr><tr><td>113<\/td><td>Abdullah G\u00fcner<\/td><td>07 Mart 2008, Cuma<\/td><td>Kaletepe K\u00f6y\u00fc<\/td><\/tr><tr><td>114<\/td><td>Osman \u00c7elik<\/td><td>&nbsp;20.03.2008, \u00c7ar\u015famba<\/td><td>Kaletepe K\u00f6y\u00fc<\/td><\/tr><tr><td>115<\/td><td>\u015eerife bak\u0131rc\u0131 (\u00c7elik)<\/td><td>11 May\u0131s 2008, Pazar<\/td><td>Kaletepe K\u00f6y\u00fc<\/td><\/tr><tr><td>116<\/td><td>&nbsp;Zeynep \u00d6zer<\/td><td>09 A\u011fustos 2008, Cuma<\/td><td>Kaletepe K\u00f6y\u00fc<\/td><\/tr><tr><td>117<\/td><td>Osman Kabata\u015f<\/td><td>27 Ekim 2008, Pazar<\/td><td>Yozgat<\/td><\/tr><tr><td>118<\/td><td>Duran \u00d6zer<\/td><td>15 Mart 2009, \u00c7ar\u015famba<\/td><td>Kaletepe K\u00f6y\u00fc<\/td><\/tr><tr><td>119<\/td><td>Duran Turan<\/td><td>29 Mart 2009, Pazar<\/td><td>Kaletepe K\u00f6y\u00fc<\/td><\/tr><tr><td>120<\/td><td>Durmu\u015f Mutluer<\/td><td>7 Nisan 2009,Sal\u0131<\/td><td>Kaletepe K\u00f6y\u00fc<\/td><\/tr><tr><td>121<\/td><td>&nbsp;<\/td><td>&nbsp;<\/td><td>&nbsp;<\/td><\/tr><tr><td>&nbsp;<\/td><td>&nbsp;<\/td><td>&nbsp;<\/td><td>&nbsp;<\/td><\/tr><tr><td>&nbsp;<\/td><td>&nbsp;<\/td><td>&nbsp;<\/td><td>&nbsp;<\/td><\/tr><tr><td>&nbsp;<\/td><td>&nbsp;<\/td><td>&nbsp;<\/td><td>&nbsp;<\/td><\/tr><tr><td>&nbsp;<\/td><td>&nbsp;<\/td><td>&nbsp;<\/td><td>&nbsp;<\/td><\/tr><tr><td>&nbsp;<\/td><td>&nbsp;<\/td><td>&nbsp;<\/td><td>&nbsp;<\/td><\/tr><tr><td>&nbsp;<\/td><td>&nbsp;<\/td><td>&nbsp;<\/td><td>&nbsp;<\/td><\/tr><tr><td>&nbsp;<\/td><td>&nbsp;<\/td><td>&nbsp;<\/td><td>&nbsp;<\/td><\/tr><tr><td>&nbsp;<\/td><td>&nbsp;<\/td><td>&nbsp;<\/td><td>&nbsp;<\/td><\/tr><tr><td>&nbsp;<\/td><td>&nbsp;<\/td><td>&nbsp;<\/td><td>&nbsp;<\/td><\/tr><tr><td>&nbsp;<\/td><td>&nbsp;<\/td><td>&nbsp;<\/td><td>&nbsp;<\/td><\/tr><tr><td>&nbsp;<\/td><td>&nbsp;<\/td><td>&nbsp;<\/td><td>&nbsp;<\/td><\/tr><tr><td>&nbsp;<\/td><td>&nbsp;<\/td><td>&nbsp;<\/td><td>&nbsp;<\/td><\/tr><tr><td>&nbsp;<\/td><td>&nbsp;<\/td><td>&nbsp;<\/td><td>&nbsp;<\/td><\/tr><tr><td>&nbsp;<\/td><td>&nbsp;<\/td><td>&nbsp;<\/td><td>&nbsp;<\/td><\/tr><tr><td>&nbsp;<\/td><td>&nbsp;<\/td><td>&nbsp;<\/td><td>&nbsp;<\/td><\/tr><tr><td>&nbsp;<\/td><td>&nbsp;<\/td><td>&nbsp;<\/td><td>&nbsp;<\/td><\/tr><tr><td>&nbsp;<\/td><td>&nbsp;<\/td><td>&nbsp;<\/td><td>&nbsp;<\/td><\/tr><tr><td>&nbsp;<\/td><td>&nbsp;<\/td><td>&nbsp;<\/td><td>&nbsp;<\/td><\/tr><tr><td>&nbsp;<\/td><td>&nbsp;<\/td><td>&nbsp;<\/td><td>&nbsp;<\/td><\/tr><tr><td>&nbsp;<\/td><td>&nbsp;<\/td><td>&nbsp;<\/td><td>&nbsp;<\/td><\/tr><tr><td>&nbsp;<\/td><td>&nbsp;<\/td><td>&nbsp;<\/td><td>&nbsp;<\/td><\/tr><tr><td>&nbsp;<\/td><td>&nbsp;<\/td><td>&nbsp;<\/td><td>&nbsp;<\/td><\/tr><tr><td>&nbsp;<\/td><td>&nbsp;<\/td><td>&nbsp;<\/td><td>&nbsp;<\/td><\/tr><tr><td>&nbsp;<\/td><td>&nbsp;<\/td><td>&nbsp;<\/td><td>&nbsp;<\/td><\/tr><tr><td>&nbsp;<\/td><td>&nbsp;<\/td><td>&nbsp;<\/td><td>&nbsp;<\/td><\/tr><tr><td>&nbsp;<\/td><td>&nbsp;<\/td><td>&nbsp;<\/td><td>&nbsp;<\/td><\/tr><tr><td>&nbsp;<\/td><td>&nbsp;<\/td><td>&nbsp;<\/td><td>&nbsp;<\/td><\/tr><tr><td>&nbsp;<\/td><td>&nbsp;<\/td><td>&nbsp;<\/td><td>&nbsp;<\/td><\/tr><tr><td>&nbsp;<\/td><td>&nbsp;<\/td><td>&nbsp;<\/td><td>&nbsp;<\/td><\/tr><tr><td>&nbsp;<\/td><td>&nbsp;<\/td><td>&nbsp;<\/td><td>&nbsp;<\/td><\/tr><tr><td>&nbsp;<\/td><td>&nbsp;<\/td><td>&nbsp;<\/td><td>&nbsp;<\/td><\/tr><tr><td>&nbsp;<\/td><td>&nbsp;<\/td><td>&nbsp;<\/td><td>&nbsp;<\/td><\/tr><tr><td>&nbsp;<\/td><td>&nbsp;<\/td><td>&nbsp;<\/td><td>&nbsp;<\/td><\/tr><tr><td>&nbsp;<\/td><td>&nbsp;<\/td><td>&nbsp;<\/td><td>&nbsp;<\/td><\/tr><tr><td>&nbsp;<\/td><td>&nbsp;<\/td><td>&nbsp;<\/td><td>&nbsp;<\/td><\/tr><tr><td>&nbsp;<\/td><td>&nbsp;<\/td><td>&nbsp;<\/td><td>&nbsp;<\/td><\/tr><tr><td>&nbsp;<\/td><td>&nbsp;<\/td><td>&nbsp;<\/td><td>&nbsp;<\/td><\/tr><tr><td>&nbsp;<\/td><td>&nbsp;<\/td><td>&nbsp;<\/td><td>&nbsp;<\/td><\/tr><tr><td>&nbsp;<\/td><td>&nbsp;<\/td><td>&nbsp;<\/td><td>&nbsp;<\/td><\/tr><tr><td>&nbsp;<\/td><td>&nbsp;<\/td><td>&nbsp;<\/td><td>&nbsp;<\/td><\/tr><tr><td>&nbsp;<\/td><td>&nbsp;<\/td><td>&nbsp;<\/td><td>&nbsp;<\/td><\/tr><tr><td>&nbsp;<\/td><td>&nbsp;<\/td><td>&nbsp;<\/td><td>&nbsp;<\/td><\/tr><tr><td>&nbsp;<\/td><td>&nbsp;<\/td><td>&nbsp;<\/td><td>&nbsp;<\/td><\/tr><tr><td>&nbsp;<\/td><td>&nbsp;<\/td><td>&nbsp;<\/td><td>&nbsp;<\/td><\/tr><tr><td>&nbsp;<\/td><td>&nbsp;<\/td><td>&nbsp;<\/td><td>&nbsp;<\/td><\/tr><tr><td>&nbsp;<\/td><td>&nbsp;<\/td><td>&nbsp;<\/td><td>&nbsp;<\/td><\/tr><tr><td>&nbsp;<\/td><td>&nbsp;<\/td><td>&nbsp;<\/td><td>&nbsp;<\/td><\/tr><tr><td>&nbsp;<\/td><td>&nbsp;<\/td><td>&nbsp;<\/td><td>&nbsp;<\/td><\/tr><tr><td>&nbsp;<\/td><td>&nbsp;<\/td><td>&nbsp;<\/td><td>&nbsp;<\/td><\/tr><tr><td>&nbsp;<\/td><td>&nbsp;<\/td><td>&nbsp;<\/td><td>&nbsp;<\/td><\/tr><tr><td>&nbsp;<\/td><td>&nbsp;<\/td><td>&nbsp;<\/td><td>&nbsp;<\/td><\/tr><tr><td>&nbsp;<\/td><td>&nbsp;<\/td><td>&nbsp;<\/td><td>&nbsp;<\/td><\/tr><tr><td>&nbsp;<\/td><td>&nbsp;<\/td><td>&nbsp;<\/td><td>&nbsp;<\/td><\/tr><tr><td>&nbsp;<\/td><td>&nbsp;<\/td><td>&nbsp;<\/td><td>&nbsp;<\/td><\/tr><tr><td>&nbsp;<\/td><td>&nbsp;<\/td><td>&nbsp;<\/td><td>&nbsp;<\/td><\/tr><tr><td>&nbsp;<\/td><td>&nbsp;<\/td><td>&nbsp;<\/td><td>&nbsp;<\/td><\/tr><tr><td>&nbsp;<\/td><td>&nbsp;<\/td><td>&nbsp;<\/td><td>&nbsp;<\/td><\/tr><tr><td>&nbsp;<\/td><td>&nbsp;<\/td><td>&nbsp;<\/td><td>&nbsp;<\/td><\/tr><tr><td>&nbsp;<\/td><td>&nbsp;<\/td><td>&nbsp;<\/td><td>&nbsp;<\/td><\/tr><tr><td>&nbsp;<\/td><td>&nbsp;<\/td><td>&nbsp;<\/td><td>&nbsp;<\/td><\/tr><tr><td>&nbsp;<\/td><td>&nbsp;<\/td><td>&nbsp;<\/td><td>&nbsp;<\/td><\/tr><tr><td>&nbsp;<\/td><td>&nbsp;<\/td><td>&nbsp;<\/td><td>&nbsp;<\/td><\/tr><tr><td>&nbsp;<\/td><td>&nbsp;<\/td><td>&nbsp;<\/td><td>&nbsp;<\/td><\/tr><tr><td>&nbsp;<\/td><td>&nbsp;<\/td><td>&nbsp;<\/td><td>&nbsp;<\/td><\/tr><tr><td>&nbsp;<\/td><td>&nbsp;<\/td><td>&nbsp;<\/td><td>&nbsp;<\/td><\/tr><tr><td>&nbsp;<\/td><td>&nbsp;<\/td><td>&nbsp;<\/td><td>&nbsp;<\/td><\/tr><tr><td>&nbsp;<\/td><td>&nbsp;<\/td><td>&nbsp;<\/td><td>&nbsp;<\/td><\/tr><tr><td>&nbsp;<\/td><td>&nbsp;<\/td><td>&nbsp;<\/td><td>&nbsp;<\/td><\/tr><tr><td>&nbsp;<\/td><td>&nbsp;<\/td><td>&nbsp;<\/td><td>&nbsp;<\/td><\/tr><tr><td>&nbsp;<\/td><td>&nbsp;<\/td><td>&nbsp;<\/td><td>&nbsp;<\/td><\/tr><tr><td>&nbsp;<\/td><td>&nbsp;<\/td><td>&nbsp;<\/td><td>&nbsp;<\/td><\/tr><tr><td>&nbsp;<\/td><td>&nbsp;<\/td><td>&nbsp;<\/td><td>&nbsp;<\/td><\/tr><tr><td>&nbsp;<\/td><td>&nbsp;<\/td><td>&nbsp;<\/td><td>&nbsp;<\/td><\/tr><tr><td>&nbsp;<\/td><td>&nbsp;<\/td><td>&nbsp;<\/td><td>&nbsp;<\/td><\/tr><tr><td>&nbsp;<\/td><td>&nbsp;<\/td><td>&nbsp;<\/td><td>&nbsp;<\/td><\/tr><tr><td>&nbsp;<\/td><td>&nbsp;<\/td><td>&nbsp;<\/td><td>&nbsp;<\/td><\/tr><tr><td>&nbsp;<\/td><td>&nbsp;<\/td><td>&nbsp;<\/td><td>&nbsp;<\/td><\/tr><tr><td>&nbsp;<\/td><td>&nbsp;<\/td><td>&nbsp;<\/td><td>&nbsp;<\/td><\/tr><tr><td>&nbsp;<\/td><td>&nbsp;<\/td><td>&nbsp;<\/td><td>&nbsp;<\/td><\/tr><\/tbody><\/table><\/figure>\n\n\n\n<hr class=\"wp-block-separator has-alpha-channel-opacity\"\/>\n\n\n\n<p><a href=\"http:\/\/kaletepe.net\/index.php\/vefat-edenler#\">Back to Top<\/a><\/p>\n\n\n\n<p>\u00a9 2025 Kaletepe (Kesiri\u00e7) K\u00f6y\u00fc Web Sitesi &#8230;.:::Ha\u015fim \u00d6z\u00fcdo\u011fru:::&#8230;.<\/p>\n","protected":false},"excerpt":{"rendered":"<p>VEFAT EDENLER &nbsp;&nbsp;Say\u0131 Adi Soyad\u0131 \u00d6l\u00fcm Tarihi Defnedildi\u011fi Yer 85 Yusuf K\u0131l\u0131\u00e7 27.08.2005 Cumartesi Sar\u0131kaya 86 Hasan Hoca \u00d6zt\u00fcrk 30.09.2005Cuma Kayseri 87 Mehmet Atl\u0131\u011f (T\u00fcrkmen) 14.10.2005Cuma Kaletepe K\u00f6y\u00fc 88 Hatice&hellip;<\/p>\n","protected":false},"author":1,"featured_media":0,"parent":0,"menu_order":0,"comment_status":"closed","ping_status":"closed","template":"","meta":{"footnotes":""},"class_list":["post-85","page","type-page","status-publish","hentry"],"_links":{"self":[{"href":"https:\/\/kaletepe.net\/index.php?rest_route=\/wp\/v2\/pages\/85","targetHints":{"allow":["GET"]}}],"collection":[{"href":"https:\/\/kaletepe.net\/index.php?rest_route=\/wp\/v2\/pages"}],"about":[{"href":"https:\/\/kaletepe.net\/index.php?rest_route=\/wp\/v2\/types\/page"}],"author":[{"embeddable":true,"href":"https:\/\/kaletepe.net\/index.php?rest_route=\/wp\/v2\/users\/1"}],"replies":[{"embeddable":true,"href":"https:\/\/kaletepe.net\/index.php?rest_route=%2Fwp%2Fv2%2Fcomments&post=85"}],"version-history":[{"count":1,"href":"https:\/\/kaletepe.net\/index.php?rest_route=\/wp\/v2\/pages\/85\/revisions"}],"predecessor-version":[{"id":86,"href":"https:\/\/kaletepe.net\/index.php?rest_route=\/wp\/v2\/pages\/85\/revisions\/86"}],"wp:attachment":[{"href":"https:\/\/kaletepe.net\/index.php?rest_route=%2Fwp%2Fv2%2Fmedia&parent=85"}],"curies":[{"name":"wp","href":"https:\/\/api.w.org\/{rel}","templated":true}]}}